{"id":31,"date":"2013-05-17T12:55:10","date_gmt":"2013-05-17T09:55:10","guid":{"rendered":"http:\/\/talenco.wordpress.com\/?page_id=31"},"modified":"2013-05-17T12:55:10","modified_gmt":"2013-05-17T09:55:10","slug":"sidosryhmat","status":"publish","type":"page","link":"https:\/\/wp.talenco.fi\/wordpress\/sidosryhmat\/","title":{"rendered":"Sidosryhm\u00e4t"},"content":{"rendered":"<p dir=\"ltr\"><a href=\"https:\/\/wp.talenco.fi\/wordpress\/wp-content\/uploads\/2013\/05\/pala2.jpg\"><img loading=\"lazy\" decoding=\"async\" class=\" wp-image-276 alignleft\" style=\"border:20px solid black;\" alt=\"Pala2\" src=\"https:\/\/wp.talenco.fi\/wordpress\/wp-content\/uploads\/2013\/05\/pala2.jpg?w=150\" width=\"120\" height=\"120\" srcset=\"https:\/\/wp.talenco.fi\/wordpress\/wp-content\/uploads\/2013\/05\/pala2.jpg 1000w, https:\/\/wp.talenco.fi\/wordpress\/wp-content\/uploads\/2013\/05\/pala2-150x150.jpg 150w, https:\/\/wp.talenco.fi\/wordpress\/wp-content\/uploads\/2013\/05\/pala2-300x300.jpg 300w\" sizes=\"auto, (max-width: 120px) 100vw, 120px\" \/><\/a>Yritys on riippuvainen sidosryhmist\u00e4\u00e4n. Henkil\u00f6kunnastaan, asiakkaistaan, omistajistaan, yhteisty\u00f6kumppaneistaan, verkostoistaan, jopa suuresta yleis\u00f6st\u00e4. Sidosryhmien tehokas sitouttaminen edellytt\u00e4\u00e4 suunnitelmallisuutta.<\/p>\n<p dir=\"ltr\">Pitk\u00e4j\u00e4nnitteinen sitouttaminen edellytt\u00e4\u00e4 ett\u00e4 sitoutumista tapahtuu my\u00f6s tunnetasolla.\u00a0Liikelahja on t\u00e4rke\u00e4 sitouttaja\u00a0koska vaihtoehtoisia tapoja vaikuttaa sidosryhmiin pitk\u00e4j\u00e4nnitteisesti ja tunnetasolla ei juuri ole, tai ne ovat hyvin kalliita. Tavoitteiden toteutuminen edellytt\u00e4\u00e4 siis sek\u00e4 pitk\u00e4j\u00e4nnitteist\u00e4 ty\u00f6t\u00e4 ett\u00e4 tarpeellisia apuv\u00e4lineit\u00e4.<\/p>\n<p dir=\"ltr\">Sidosryhm\u00e4strategia\u00a0on suunnitelma kuinka suhteita sidosryhmiin hoidetaan. Sen auttaa m\u00e4\u00e4rittelem\u00e4\u00e4n liikelahjojen k\u00e4yt\u00f6n; liikelahjat ovat osa yleist\u00e4 sidosryhm\u00e4strategiaa<\/p>\n<p>Sidosryhmien sitouttamiseen liittyvi\u00e4 artikkeleita l\u00f6yd\u00e4t oheisista linkeist\u00e4:<\/p>\n<p><a title=\"Sitouttaminen\" href=\"http:\/\/talenco.wordpress.com\/category\/sitouttaminen\/\">Sitouttaminen<\/a>\u00a0\/\u00a0<a title=\"Asiakaskohtaamiset\" href=\"http:\/\/talenco.wordpress.com\/category\/asiakaskohtaamiset\/\">Asiakaskohtaamiset<\/a>\u00a0\/\u00a0<a title=\"Joulu\" href=\"http:\/\/talenco.wordpress.com\/category\/joulu\/\">Joulu<\/a>\u00a0\/\u00a0<a title=\"Kes\u00e4\" href=\"http:\/\/talenco.wordpress.com\/category\/kesa\/\">Kes\u00e4<\/a>\u00a0\/\u00a0<a title=\"Tapahtumat\" href=\"http:\/\/talenco.wordpress.com\/category\/tapahtumat\/\">Tapahtumat<\/a><\/p>\n","protected":false},"excerpt":{"rendered":"<p>Yritys on riippuvainen sidosryhmist\u00e4\u00e4n. Henkil\u00f6kunnastaan, asiakkaistaan, omistajistaan, yhteisty\u00f6kumppaneistaan, verkostoistaan, jopa suuresta yleis\u00f6st\u00e4. Sidosryhmien tehokas sitouttaminen edellytt\u00e4\u00e4 suunnitelmallisuutta. Pitk\u00e4j\u00e4nnitteinen sitouttaminen edellytt\u00e4\u00e4 ett\u00e4 sitoutumista tapahtuu my\u00f6s tunnetasolla.\u00a0Liikelahja on t\u00e4rke\u00e4 sitouttaja\u00a0koska vaihtoehtoisia tapoja vaikuttaa sidosryhmiin pitk\u00e4j\u00e4nnitteisesti ja tunnetasolla ei juuri ole, tai ne ovat hyvin kalliita. Tavoitteiden toteutuminen edellytt\u00e4\u00e4 siis sek\u00e4 pitk\u00e4j\u00e4nnitteist\u00e4 ty\u00f6t\u00e4 ett\u00e4 tarpeellisia apuv\u00e4lineit\u00e4. Sidosryhm\u00e4strategia\u00a0on suunnitelma [&hellip;]<\/p>\n","protected":false},"author":2,"featured_media":0,"parent":0,"menu_order":0,"comment_status":"closed","ping_status":"closed","template":"","meta":{"footnotes":""},"class_list":["post-31","page","type-page","status-publish","hentry"],"_links":{"self":[{"href":"https:\/\/wp.talenco.fi\/wordpress\/wp-json\/wp\/v2\/pages\/31","targetHints":{"allow":["GET"]}}],"collection":[{"href":"https:\/\/wp.talenco.fi\/wordpress\/wp-json\/wp\/v2\/pages"}],"about":[{"href":"https:\/\/wp.talenco.fi\/wordpress\/wp-json\/wp\/v2\/types\/page"}],"author":[{"embeddable":true,"href":"https:\/\/wp.talenco.fi\/wordpress\/wp-json\/wp\/v2\/users\/2"}],"replies":[{"embeddable":true,"href":"https:\/\/wp.talenco.fi\/wordpress\/wp-json\/wp\/v2\/comments?post=31"}],"version-history":[{"count":0,"href":"https:\/\/wp.talenco.fi\/wordpress\/wp-json\/wp\/v2\/pages\/31\/revisions"}],"wp:attachment":[{"href":"https:\/\/wp.talenco.fi\/wordpress\/wp-json\/wp\/v2\/media?parent=31"}],"curies":[{"name":"wp","href":"https:\/\/api.w.org\/{rel}","templated":true}]}}